o = u + 23. What are the prime factors of o?
7
Suppose -2*l - 515 = 5*s - 1571, l = -5*s + 1053. List the prime factors of s.
2, 3, 5, 7
Let l(p) = -p**3 + 0*p + 2*p + 0*p**3 - 2*p**2. What are the prime factors of l(-3)?
3
Let f(y) = -43*y + 7. List the prime factors of f(-3).
2, 17
Suppose 0*m - 4*k + 20 = m, 2*k - 12 = -m. Suppose -m = -3*j - 1. Suppose -4*u + j + 27 = 0. List the prime factors of u.
7
Let b(r) be the third derivative of -r**6/120 - r**5/60 - r**4/24 + 19*r**3/6 - 2*r**2. Let j be b(0). Suppose -21 = -5*v + j. What are the prime factors of v?
2
Let w be (-17)/((5 + -2)/(-3)). Suppose 15 = 4*q - w. Suppose -3*o = -q - 16. List the prime factors of o.
2
Suppose 4*w = 1 + 7. List the prime factors of (-3)/w*(-15 - 1).
2, 3
Suppose 6*l - 4*l = -s - 16, 5*s = -2*l - 32. What are the prime factors of (-252)/(-8)*l/(-9)?
3, 7
Let t(l) = -l + 1. Let d be t(0). Suppose -2 = 3*j + d, h + j = 75. Suppose -5*u - 3*n + h = -0*n, -3*n = -u + 8. What are the prime factors of u?
2, 7
List the prime factors of 27 + (-7)/(7/4).
23
Suppose 2*j = 5 + 1. Suppose -2 = b, 0 = 3*t - b + j - 20. List the prime factors of t.
5
Let u be -3*(-4)/6 + -1. Let y(k) = k**2 + 9*k + 12. Let t be y(-8). Let l = t - u. What are the prime factors of l?
3
Let m = 0 + -3. Let x be -15 + 10 + (-2)/(-1). List the prime factors of m/(-6)*x*-2.
3
Let y(u) = -u**3 - 11*u**2 - 10*u + 11. List the prime factors of y(-10).
11
Let q = 30 - 45. Suppose -4*w + 5*w = 25. Let z = w + q. List the prime factors of z.
2, 5
Let s(w) = -w**2 - 3*w + 2. Let i be s(-3). What are the prime factors of ((-154)/33)/(i/(-3))?
7
Let a(u) = -27*u + 4. Let i(y) = -54*y + 9. Let g(n) = -9*a(n) + 4*i(n). What are the prime factors of g(2)?
2, 3
What are the prime factors of (-36)/(-8)*(-3 + 125/3)?
2, 3, 29
Suppose 4*o = 12, 0 = -5*w + 7*w - o + 9. Let r be 2/(-3) - 2/w. Suppose -4*p + 70 - 26 = r. List the prime factors of p.
11
Suppose 2*o - 37 = 161. What are the prime factors of o?
3, 11
Let c(q) = 2*q**2 + 9*q + 9. Let s be c(-7). Suppose 5*i = 2*g - s, 6*i = -4*g + i + 28. What are the prime factors of g?
2, 3
Let i be (-24)/9*(-30)/8. What are the prime factors of (-12)/i*50/(-15)?
2
Let x(j) = 2*j**2 - 7*j - 6. What are the prime factors of x(-7)?
3, 47
Let x(t) = t**3 + 12*t**2 - 12*t + 18. Let q = -30 + 17. What are the prime factors of x(q)?
5
Let d(r) be the third derivative of -r**4/24 + r**3 + 2*r**2. Let h be d(5). Let f(q) = 10*q**2 + 2*q - 1. List the prime factors of f(h).
11
Let s = 35 + -24. What are the prime factors of 442/s - (-2)/(-11)?
2, 5
Let w = 65 - 12. Let x be (8 + -10)*(-21)/2. Suppose -w = -2*v - x. What are the prime factors of v?
2
Let a be (-12)/15 + 84/5. Let r = a + -14. What are the prime factors of r?
2
Let h(f) = -f**3 + 4*f**2 + 3*f - 2. Let r be h(4). Let i = -4 + r. What are the prime factors of i?
2, 3
Let g(c) = -c + 1. Let s be g(3). List the prime factors of (-44)/(-8) - 1/s.
2, 3
Let q(a) = -a**3 - 8*a**2 + 9*a + 8. List the prime factors of q(-9).
2
Suppose -5*f + 2*t + 7 = 4*t, 3*t - 5 = -2*f. Let v(h) = 14*h**2 - 3 + 7*h**2 + 4 - 2*h. What are the prime factors of v(f)?
2, 5
Let v = -4 + 27. Suppose 0 = 4*c - v + 7. List the prime factors of c.
2
Let u(m) = 6*m**2 - 4*m**2 - 7*m + 0*m**2 - 1 + 7. Let w = -7 - -11. List the prime factors of u(w).
2, 5
Let t be (-22)/1*4/(-8). Let y = 15 - t. Let d = 23 - y. List the prime factors of d.
19
Let o(x) = 4*x**3 - 1. Let s be o(1). Let n(c) = 4*c - c + c**2 - 7*c**3 - 4*c + 20*c**s. List the prime factors of n(1).
13
Let m(r) = r**3 + 9*r**2 + 11*r + 9. Let a = -4 - 3. List the prime factors of m(a).
2, 3, 5
Let r(t) = -t**3 + 5*t**2 + 7*t - 3. Let y be r(6). Suppose -4*w = y - 15. List the prime factors of w.
3
Let t(f) = -f**3 - 10*f**2 + 11*f + 2. Let z be t(-11). Suppose -4*g = 2*q - 164, 3*g - z*q = -41 + 171. Let k = g - 24. What are the prime factors of k?
2, 3
Let t = 0 + 151. What are the prime factors of t?
151
Let i(t) = -t**3 + 4*t**2 - 4*t + 2. Let b be i(3). Suppose z + 2*z - 39 = 0. Let o = b + z. What are the prime factors of o?
2, 3
Let f be 49/14*(1 + -3). Let o = f + 4. List the prime factors of (-39)/o + 0 - -2.
3, 5
Suppose 200 = 3*g - 2*v, -g + 62 = 3*v + v. What are the prime factors of g?
2, 3, 11
Let h = 10 + -6. Suppose -n = -y - 3 - 6, 0 = 5*n - h*y - 44. List the prime factors of n.
2
Let b(m) = 4*m**2 - m - 32. List the prime factors of b(5).
3, 7
Let o = 25 + 72. List the prime factors of o.
97
Let f(u) = -u**3 - u**2 + 2*u + 2. Let x be f(0). Suppose -1 + 5 = x*h. What are the prime factors of h?
2
Suppose -5*n + 50 = -0*n. What are the prime factors of n?
2, 5
Suppose q = -v - 3*v + 117, -107 = -4*v + q. List the prime factors of v.
2, 7
Suppose 4*i + 19 - 3 = 4*n, 5*n + 4*i = 29. List the prime factors of 282/30 + (-2)/n.
3
Let l be (-2)/(-4) - 2/(-4). Suppose 4*n + l = 37. What are the prime factors of n?
3
Let x be (1 + -1)/((-2)/(-1)). Suppose v + 0*v - 2 = x. What are the prime factors of ((-12)/14)/(v/(-14))?
2, 3
Suppose -3*z + 10 = 1. Suppose 4*l - 3*h = 14, -z*l + l = 2*h - 14. Suppose -l*n - p = -38, n - 3*p = 4*n - 30. List the prime factors of n.
7
Let t be (-31)/2 - 3/6. Let p = t - -34. Suppose 0 = -3*m - m - 4, 0 = 5*x + 2*m - p. What are the prime factors of x?
2
Let l(c) = -c**2 - 13*c + 27. What are the prime factors of l(-12)?
3, 13
Let k(m) = m - 5. Let v be k(15). Suppose -4*z + 11 = i + 3, -5*z + v = 3*i. What are the prime factors of z?
2
Let x(w) = -6*w**2 + 2 + 5*w - 3 + 6 + w**3. List the prime factors of x(5).
5
Suppose 3*p + 10 = p. Let f = 0 - p. What are the prime factors of f?
5
Suppose -3*p - l - 25 = 0, 4*p - 3*l - 2*l = -46. Let j = p - -13. What are the prime factors of j?
2
Let o(w) = 5*w**2 - w + 2. Let q(u) = -6*u**2 + 2*u - 3. Let n(b) = 3*o(b) + 2*q(b). Suppose 4 = 5*s - 1. List the prime factors of n(s).
2
Suppose 475 = 3*z + 5*h + 6, -321 = -2*z - 5*h. What are the prime factors of z?
2, 37
Let y be (2 - 2) + 6*1. Let t = 1 + y. List the prime factors of t.
7
Suppose -5*w + i + 231 = 0, 2*w + 0*w - 94 = 2*i. Let z = -22 + w. List the prime factors of z.
2, 3
Suppose 8*l - 12*l = -64. Let v = l - 4. List the prime factors of v.
2, 3
Let f(p) = -p**3 - 5*p**2 + 6*p + 5. Let n be f(-6). Suppose n*m = m + 12. List the prime factors of m.
3
Let l be 12/(-2) - (-1 - -1). Let a = l + 5. Let f = a + 8. What are the prime factors of f?
7
Suppose 42*m - 37*m = 1035. List the prime factors of m.
3, 23
Suppose 0*q - 4*q = -124. What are the prime factors of q?
31
Suppose -2*f = -3 - 1. Suppose 5*b = f*q - 13, -q - 3*q + 44 = -4*b. List the prime factors of q.
2, 7
What are the prime factors of (0 - -1)/((-4)/(-84))?
3, 7
Suppose 5 = -l - 0*l, 4*z = -2*l - 10. Suppose 5*w = d - z*w, 3*d = w. Suppose -2*f + 10 = x - 6*x, d = -3*f + 4*x + 15. List the prime factors of f.
5
Let t(l) be the first derivative of -l**2/2 + 11*l + 1. What are the prime factors of t(5)?
2, 3
Suppose 0 = -3*k + k. Suppose 3*m + k*m = -30. Let q = -2 - m. List the prime factors of q.
2
Suppose 5*b + 172 + 118 = 0. List the prime factors of (-1)/(176/b - -3).
29
Suppose -3*i + 169 = -53. What are the prime factors of i?
2, 37
Let l = 56 - -14. List the prime factors of l.
2, 5, 7
Let q(c) = 72*c**3 - 4*c + 3. List the prime factors of q(1).
71
Let j(y) = y**2 - 2*y - 5. Suppose -5*m - 10 - 10 = 0. Let x be j(m). Let p = 28 - x. What are the prime factors of p?
3
Let h = 91 - 60. List the prime factors of h.
31
Suppose 3*o = 5*o. Suppose -w + 4 = o, s = 2*s - 2*w + 4. List the prime factors of s/8*7*2.
7
Let j(n) = 0*n + n + 4 + 0. Let x be j(-4). Suppose x = 3*q - 7*q + 20. List the prime factors of q.
5
Let z(t) = -t**3 + 9*t**2 + 9*t + 12. Let f be z(10). List the prime factors of 390/33 + f/11.
2, 3
Let y = 261 + -88. List the prime factors of y.
173
Let u = 5 - 3. Suppose -3*b + 9 = r, 0*b - 2 = u*b - 2*r. Suppose g - 9 = -b*l, 10*g = -3*l + 5*g - 4. List the prime factors of l.
7
Suppose 0*m - 3*m - 48 = 0. Let p be 1 - (m/1 - -1). Suppose -u + p = u. List the prime factors of u.
2
Let y(u) = 6*u - 9. Let r(m) = -5*m + 8. Let x = 2 - -2. Let v(p) = x*y(p) + 5*r(p). List the prime factors of v(-6).
2, 5
Let u = -36 + 46. List the prime factors of u.
2, 5
Li